{"id":215,"date":"2019-11-10T14:53:09","date_gmt":"2019-11-10T12:53:09","guid":{"rendered":"https:\/\/turunsarjakuvaseura.fi\/wordpress\/?post_type=featured-content&#038;p=215"},"modified":"2020-04-24T13:54:05","modified_gmt":"2020-04-24T10:54:05","slug":"testijulkaisu","status":"publish","type":"featured-content","link":"https:\/\/turunsarjakuvaseura.fi\/wordpress\/en\/featured-content\/testijulkaisu\/","title":{"rendered":"Antologia 2019: Mr\u00e4y"},"content":{"rendered":"\n<div class=\"wp-block-image\"><figure class=\"alignright\"><a href=\"https:\/\/turunsarjakuvaseura.fi\/wordpress\/wp-content\/uploads\/2019\/11\/mray-pieni.jpg\"><img loading=\"lazy\" decoding=\"async\" width=\"209\" height=\"300\" src=\"https:\/\/turunsarjakuvaseura.fi\/wordpress\/wp-content\/uploads\/2019\/11\/mray-pieni-209x300.jpg\" alt=\"\" class=\"wp-image-227\" srcset=\"https:\/\/turunsarjakuvaseura.fi\/wordpress\/wp-content\/uploads\/2019\/11\/mray-pieni-209x300.jpg 209w, https:\/\/turunsarjakuvaseura.fi\/wordpress\/wp-content\/uploads\/2019\/11\/mray-pieni.jpg 696w\" sizes=\"auto, (max-width: 209px) 100vw, 209px\" \/><\/a><\/figure><\/div>\n\n\n\n<p>Turun Sarjakuvakerhon halusi t\u00e4m\u00e4n vuoden antologiassaan auttaa mirri\u00e4 nousemaan p\u00f6yd\u00e4lle ja vaatimaan ansaitsemaansa paikkaa sarjakuvan historiassa!<\/p>\n\n\n\n<p>Tekij\u00e4t:<\/p>\n\n\n\n<p>Jesse Enho<br>Jesse Ghost<br>Outimaija Hakala<br>Milja Hukari<br>Johanna Jasmine<br>L.M.Kauppinen<br>Lappi &amp; Lappi<br>Nikke Lindholm<br>Marja Mehulainen ja Puhuva kyn\u00e4<br>Ekku Meronen<br>Timo Niemi<br>Laura Nieminen<br>Aku Osmanen<br>Peikonlainen<br>Pii ja Muhvu<br>Niina Eveliina Salmelin<br>Mikael Salo ja Satu Sammalkorpi<br>Sara<br>Linda Sofia ja Ilari Z<br>Helin\u00e4 Taimi<br>Arvi Tammi<br>V\u00e4b\u00e4j\u00e4b\u00e4<\/p>\n\n\n\n<p>Toimittanut: Johanna Jasmine<\/p>\n","protected":false},"excerpt":{"rendered":"<p>Turun Sarjakuvakerhon halusi t\u00e4m\u00e4n vuoden antologiassaan auttaa mirri\u00e4 nousemaan p\u00f6yd\u00e4lle ja vaatimaan ansaitsemaansa paikkaa sarjakuvan historiassa! &hellip; <span class=\"more-button\"><a href=\"https:\/\/turunsarjakuvaseura.fi\/wordpress\/en\/featured-content\/testijulkaisu\/\" class=\"more-link\">Lue lis\u00e4\u00e4<span class=\"screen-reader-text\">Antologia 2019: Mr\u00e4y<\/span><\/a><\/span><\/p>\n","protected":false},"author":1,"featured_media":330,"comment_status":"closed","ping_status":"closed","template":"","featured-content-type":[8],"featured-content-tag":[],"class_list":["post-215","featured-content","type-featured-content","status-publish","has-post-thumbnail","hentry","featured-content-type-julkaisut"],"_links":{"self":[{"href":"https:\/\/turunsarjakuvaseura.fi\/wordpress\/en\/wp-json\/wp\/v2\/featured-content\/215","targetHints":{"allow":["GET"]}}],"collection":[{"href":"https:\/\/turunsarjakuvaseura.fi\/wordpress\/en\/wp-json\/wp\/v2\/featured-content"}],"about":[{"href":"https:\/\/turunsarjakuvaseura.fi\/wordpress\/en\/wp-json\/wp\/v2\/types\/featured-content"}],"author":[{"embeddable":true,"href":"https:\/\/turunsarjakuvaseura.fi\/wordpress\/en\/wp-json\/wp\/v2\/users\/1"}],"replies":[{"embeddable":true,"href":"https:\/\/turunsarjakuvaseura.fi\/wordpress\/en\/wp-json\/wp\/v2\/comments?post=215"}],"wp:featuredmedia":[{"embeddable":true,"href":"https:\/\/turunsarjakuvaseura.fi\/wordpress\/en\/wp-json\/wp\/v2\/media\/330"}],"wp:attachment":[{"href":"https:\/\/turunsarjakuvaseura.fi\/wordpress\/en\/wp-json\/wp\/v2\/media?parent=215"}],"wp:term":[{"taxonomy":"featured-content-type","embeddable":true,"href":"https:\/\/turunsarjakuvaseura.fi\/wordpress\/en\/wp-json\/wp\/v2\/featured-content-type?post=215"},{"taxonomy":"featured-content-tag","embeddable":true,"href":"https:\/\/turunsarjakuvaseura.fi\/wordpress\/en\/wp-json\/wp\/v2\/featured-content-tag?post=215"}],"curies":[{"name":"wp","href":"https:\/\/api.w.org\/{rel}","templated":true}]}}

Antologia 2019: Mräy

<div class="wp-block-image"><figure class="alignright"><a href="https://turunsarjakuvaseura.fi/wordpress/wp-content/uploads/2019/11/mray-pieni.jpg"><img loading="lazy" decoding="async" width="209" height="300" src="https://turunsarjakuvaseura.fi/wordpress/wp-content/uploads/2019/11/mray-pieni-209x300.jpg" alt="" class="wp-image-227" srcset="https://turunsarjakuvaseura.fi/wordpress/wp-content/uploads/2019/11/mray-pieni-209x300.jpg 209w, https://turunsarjakuvaseura.fi/wordpress/wp-content/uploads/2019/11/mray-pieni.jpg 696w" sizes="auto, (max-width: 209px) 100vw, 209px" /></a></figure></div>



<p>Turun Sarjakuvakerhon halusi tämän vuoden antologiassaan auttaa mirriä nousemaan pöydälle ja vaatimaan ansaitsemaansa paikkaa sarjakuvan historiassa!</p>



<p>Tekijät:</p>



<p>Jesse Enho<br>Jesse Ghost<br>Outimaija Hakala<br>Milja Hukari<br>Johanna Jasmine<br>L.M.Kauppinen<br>Lappi &amp; Lappi<br>Nikke Lindholm<br>Marja Mehulainen ja Puhuva kynä<br>Ekku Meronen<br>Timo Niemi<br>Laura Nieminen<br>Aku Osmanen<br>Peikonlainen<br>Pii ja Muhvu<br>Niina Eveliina Salmelin<br>Mikael Salo ja Satu Sammalkorpi<br>Sara<br>Linda Sofia ja Ilari Z<br>Helinä Taimi<br>Arvi Tammi<br>Väbäjäbä</p>



<p>Toimittanut: Johanna Jasmine</p>

<p>Turun Sarjakuvakerhon halusi tämän vuoden antologiassaan auttaa mirriä nousemaan pöydälle ja vaatimaan ansaitsemaansa paikkaa sarjakuvan historiassa! &hellip; <span class="more-button"><a href="https://turunsarjakuvaseura.fi/wordpress/en/featured-content/testijulkaisu/" class="more-link">Lue lisää<span class="screen-reader-text">Antologia 2019: Mräy</span></a></span></p>
