{"id":239,"date":"2020-01-17T19:43:37","date_gmt":"2020-01-17T17:43:37","guid":{"rendered":"https:\/\/turunsarjakuvaseura.fi\/wordpress\/?post_type=featured-content&#038;p=239"},"modified":"2020-04-24T13:55:09","modified_gmt":"2020-04-24T10:55:09","slug":"dagen-efter","status":"publish","type":"featured-content","link":"https:\/\/turunsarjakuvaseura.fi\/wordpress\/en\/featured-content\/dagen-efter\/","title":{"rendered":"Antologia 2013: Dagen Efter"},"content":{"rendered":"\n<div class=\"wp-block-image\"><figure class=\"alignright\"><a href=\"https:\/\/turunsarjakuvaseura.fi\/wordpress\/wp-content\/uploads\/2020\/01\/DagenEfter-kansi-940px.jpg\"><img loading=\"lazy\" decoding=\"async\" width=\"212\" height=\"300\" src=\"https:\/\/turunsarjakuvaseura.fi\/wordpress\/wp-content\/uploads\/2020\/01\/DagenEfter-kansi-940px-212x300.jpg\" alt=\"\" class=\"wp-image-240\" srcset=\"https:\/\/turunsarjakuvaseura.fi\/wordpress\/wp-content\/uploads\/2020\/01\/DagenEfter-kansi-940px-212x300.jpg 212w, https:\/\/turunsarjakuvaseura.fi\/wordpress\/wp-content\/uploads\/2020\/01\/DagenEfter-kansi-940px-768x1086.jpg 768w, https:\/\/turunsarjakuvaseura.fi\/wordpress\/wp-content\/uploads\/2020\/01\/DagenEfter-kansi-940px-724x1024.jpg 724w, https:\/\/turunsarjakuvaseura.fi\/wordpress\/wp-content\/uploads\/2020\/01\/DagenEfter-kansi-940px.jpg 940w\" sizes=\"auto, (max-width: 212px) 100vw, 212px\" \/><\/a><\/figure><\/div>\n\n\n\n<p>Turun Sarjakuvakerhon antologiasarja jatkuu aiheella&nbsp;<em>Dagen Efter.<\/em>&nbsp;Mik\u00e4 p\u00e4iv\u00e4 ja mink\u00e4 j\u00e4lkeen; n\u00e4iden kysymysten \u00e4\u00e4rell\u00e4 kipuilee 14 taiteilijaa omine n\u00e4kemyksineen. Aihepiirit vaihtelevat postapokalyptisist\u00e4 pohdiskeluista juhlienj\u00e4lkeiseen tasoitteluun, ja tunnelmat uhkaavasta seesteisen kautta iloittelevaan.<\/p>\n\n\n\n<p><br>Otetaan siis kirja kainaloon, k\u00e4\u00e4nnet\u00e4\u00e4n kaihtimet kiinni ja menn\u00e4\u00e4n takaisin s\u00e4nkyyn potemaan. Sill\u00e4 se l\u00e4htee mill\u00e4 tulikin: sarjakuvalla!<br>Mukana: Atte Airaksinen, Marko Dekker, Kiero Dick, Outimaija Hakala, Inari Halme, Johanna Heinonen, Pauli Hirtolahti, Mika Lietz\u00e9n, Frida Lindholm, Ilari M\u00e4nnist\u00f6, Timo Niemi, Janne Ramstedt, Johnny Ramstedt, Tiia Salmelin. <\/p>\n","protected":false},"excerpt":{"rendered":"<p> Turun Sarjakuvakerhon antologiasarja jatkuu aiheella Dagen Efter. Mik\u00e4 p\u00e4iv\u00e4 ja mink\u00e4 j\u00e4lkeen; n\u00e4iden kysymysten \u00e4\u00e4rell\u00e4 kipuilee 14 taiteilijaa omine n\u00e4kemyksineen &hellip; <span class=\"more-button\"><a href=\"https:\/\/turunsarjakuvaseura.fi\/wordpress\/en\/featured-content\/dagen-efter\/\" class=\"more-link\">Lue lis\u00e4\u00e4<span class=\"screen-reader-text\">Antologia 2013: Dagen Efter<\/span><\/a><\/span><\/p>\n","protected":false},"author":1,"featured_media":327,"comment_status":"closed","ping_status":"closed","template":"","featured-content-type":[8],"featured-content-tag":[],"class_list":["post-239","featured-content","type-featured-content","status-publish","has-post-thumbnail","hentry","featured-content-type-julkaisut"],"_links":{"self":[{"href":"https:\/\/turunsarjakuvaseura.fi\/wordpress\/en\/wp-json\/wp\/v2\/featured-content\/239","targetHints":{"allow":["GET"]}}],"collection":[{"href":"https:\/\/turunsarjakuvaseura.fi\/wordpress\/en\/wp-json\/wp\/v2\/featured-content"}],"about":[{"href":"https:\/\/turunsarjakuvaseura.fi\/wordpress\/en\/wp-json\/wp\/v2\/types\/featured-content"}],"author":[{"embeddable":true,"href":"https:\/\/turunsarjakuvaseura.fi\/wordpress\/en\/wp-json\/wp\/v2\/users\/1"}],"replies":[{"embeddable":true,"href":"https:\/\/turunsarjakuvaseura.fi\/wordpress\/en\/wp-json\/wp\/v2\/comments?post=239"}],"wp:featuredmedia":[{"embeddable":true,"href":"https:\/\/turunsarjakuvaseura.fi\/wordpress\/en\/wp-json\/wp\/v2\/media\/327"}],"wp:attachment":[{"href":"https:\/\/turunsarjakuvaseura.fi\/wordpress\/en\/wp-json\/wp\/v2\/media?parent=239"}],"wp:term":[{"taxonomy":"featured-content-type","embeddable":true,"href":"https:\/\/turunsarjakuvaseura.fi\/wordpress\/en\/wp-json\/wp\/v2\/featured-content-type?post=239"},{"taxonomy":"featured-content-tag","embeddable":true,"href":"https:\/\/turunsarjakuvaseura.fi\/wordpress\/en\/wp-json\/wp\/v2\/featured-content-tag?post=239"}],"curies":[{"name":"wp","href":"https:\/\/api.w.org\/{rel}","templated":true}]}}

<div class="wp-block-image"><figure class="alignright"><a href="https://turunsarjakuvaseura.fi/wordpress/wp-content/uploads/2020/01/DagenEfter-kansi-940px.jpg"><img loading="lazy" decoding="async" width="212" height="300" src="https://turunsarjakuvaseura.fi/wordpress/wp-content/uploads/2020/01/DagenEfter-kansi-940px-212x300.jpg" alt="" class="wp-image-240" srcset="https://turunsarjakuvaseura.fi/wordpress/wp-content/uploads/2020/01/DagenEfter-kansi-940px-212x300.jpg 212w, https://turunsarjakuvaseura.fi/wordpress/wp-content/uploads/2020/01/DagenEfter-kansi-940px-768x1086.jpg 768w, https://turunsarjakuvaseura.fi/wordpress/wp-content/uploads/2020/01/DagenEfter-kansi-940px-724x1024.jpg 724w, https://turunsarjakuvaseura.fi/wordpress/wp-content/uploads/2020/01/DagenEfter-kansi-940px.jpg 940w" sizes="auto, (max-width: 212px) 100vw, 212px" /></a></figure></div>



<p>Turun Sarjakuvakerhon antologiasarja jatkuu aiheella&nbsp;<em>Dagen Efter.</em>&nbsp;Mikä päivä ja minkä jälkeen; näiden kysymysten äärellä kipuilee 14 taiteilijaa omine näkemyksineen. Aihepiirit vaihtelevat postapokalyptisistä pohdiskeluista juhlienjälkeiseen tasoitteluun, ja tunnelmat uhkaavasta seesteisen kautta iloittelevaan.</p>



<p><br>Otetaan siis kirja kainaloon, käännetään kaihtimet kiinni ja mennään takaisin sänkyyn potemaan. Sillä se lähtee millä tulikin: sarjakuvalla!<br>Mukana: Atte Airaksinen, Marko Dekker, Kiero Dick, Outimaija Hakala, Inari Halme, Johanna Heinonen, Pauli Hirtolahti, Mika Lietzén, Frida Lindholm, Ilari Männistö, Timo Niemi, Janne Ramstedt, Johnny Ramstedt, Tiia Salmelin. </p>

<p> Turun Sarjakuvakerhon antologiasarja jatkuu aiheella Dagen Efter. Mikä päivä ja minkä jälkeen; näiden kysymysten äärellä kipuilee 14 taiteilijaa omine näkemyksineen &hellip; <span class="more-button"><a href="https://turunsarjakuvaseura.fi/wordpress/en/featured-content/dagen-efter/" class="more-link">Lue lisää<span class="screen-reader-text">Antologia 2013: Dagen Efter</span></a></span></p>
