{"id":464,"date":"2022-12-23T16:00:00","date_gmt":"2022-12-23T14:00:00","guid":{"rendered":"http:\/\/www.turunsarjakuvakerho.net\/?post_type=featured-content&#038;p=464"},"modified":"2024-02-18T00:44:38","modified_gmt":"2024-02-17T22:44:38","slug":"punk","status":"publish","type":"featured-content","link":"https:\/\/turunsarjakuvaseura.fi\/wordpress\/en\/featured-content\/punk\/","title":{"rendered":"Antologia 2022: PUNK!"},"content":{"rendered":"\n<p>Rosoista anarkiaa tai maailmojasyleilev\u00e4\u00e4 kapinallisuutta: PUNK! on asennetta, musiikkia ja tekemist\u00e4 omalla tyylill\u00e4. Turun sarjakuvakerhon antologiassa n\u00e4hd\u00e4\u00e4n t\u00e4n\u00e4 vuonna punkkeilua nelj\u00e4ntoista taiteilijan voimin.<\/p>\n\n\n\n<p>Tekij\u00e4t:<\/p>\n\n\n\n<p>Petteri Holm<br>Jannukakku<br>Johanna Jasmine<br>Kaisa Lehikoinen<br>Nikke Lindholm<br>Timo Niemi<br>Aku Osmanen<br>Tarmo Pyykk\u00f6nen<br>Mikael Salo<br>Toni Tahnatuubi<br>Tarkron<br>Esa Turunen<br>Tero Visio<br>Hanna V\u00e4\u00e4t\u00e4inen<\/p>\n\n\n\n<p>Toimittanut Katariina Lappi<\/p>\n","protected":false},"excerpt":{"rendered":"<p>Rosoista anarkiaa tai maailmojasyleilev\u00e4\u00e4 kapinallisuutta: PUNK! on asennetta, musiikkia ja tekemist\u00e4 omalla tyylill\u00e4. Turun sarjakuvakerhon antologiassa n\u00e4hd\u00e4\u00e4n t\u00e4n\u00e4 vuonna punkkeilua &hellip; <span class=\"more-button\"><a href=\"https:\/\/turunsarjakuvaseura.fi\/wordpress\/en\/featured-content\/punk\/\" class=\"more-link\">Lue lis\u00e4\u00e4<span class=\"screen-reader-text\">Antologia 2022: PUNK!<\/span><\/a><\/span><\/p>\n","protected":false},"author":1,"featured_media":465,"comment_status":"closed","ping_status":"closed","template":"","featured-content-type":[8],"featured-content-tag":[],"class_list":["post-464","featured-content","type-featured-content","status-publish","has-post-thumbnail","hentry","featured-content-type-julkaisut"],"_links":{"self":[{"href":"https:\/\/turunsarjakuvaseura.fi\/wordpress\/en\/wp-json\/wp\/v2\/featured-content\/464","targetHints":{"allow":["GET"]}}],"collection":[{"href":"https:\/\/turunsarjakuvaseura.fi\/wordpress\/en\/wp-json\/wp\/v2\/featured-content"}],"about":[{"href":"https:\/\/turunsarjakuvaseura.fi\/wordpress\/en\/wp-json\/wp\/v2\/types\/featured-content"}],"author":[{"embeddable":true,"href":"https:\/\/turunsarjakuvaseura.fi\/wordpress\/en\/wp-json\/wp\/v2\/users\/1"}],"replies":[{"embeddable":true,"href":"https:\/\/turunsarjakuvaseura.fi\/wordpress\/en\/wp-json\/wp\/v2\/comments?post=464"}],"wp:featuredmedia":[{"embeddable":true,"href":"https:\/\/turunsarjakuvaseura.fi\/wordpress\/en\/wp-json\/wp\/v2\/media\/465"}],"wp:attachment":[{"href":"https:\/\/turunsarjakuvaseura.fi\/wordpress\/en\/wp-json\/wp\/v2\/media?parent=464"}],"wp:term":[{"taxonomy":"featured-content-type","embeddable":true,"href":"https:\/\/turunsarjakuvaseura.fi\/wordpress\/en\/wp-json\/wp\/v2\/featured-content-type?post=464"},{"taxonomy":"featured-content-tag","embeddable":true,"href":"https:\/\/turunsarjakuvaseura.fi\/wordpress\/en\/wp-json\/wp\/v2\/featured-content-tag?post=464"}],"curies":[{"name":"wp","href":"https:\/\/api.w.org\/{rel}","templated":true}]}}

<p>Rosoista anarkiaa tai maailmojasyleilevää kapinallisuutta: PUNK! on asennetta, musiikkia ja tekemistä omalla tyylillä. Turun sarjakuvakerhon antologiassa nähdään tänä vuonna punkkeilua neljäntoista taiteilijan voimin.</p>



<p>Tekijät:</p>



<p>Petteri Holm<br>Jannukakku<br>Johanna Jasmine<br>Kaisa Lehikoinen<br>Nikke Lindholm<br>Timo Niemi<br>Aku Osmanen<br>Tarmo Pyykkönen<br>Mikael Salo<br>Toni Tahnatuubi<br>Tarkron<br>Esa Turunen<br>Tero Visio<br>Hanna Väätäinen</p>



<p>Toimittanut Katariina Lappi</p>

<p>Rosoista anarkiaa tai maailmojasyleilevää kapinallisuutta: PUNK! on asennetta, musiikkia ja tekemistä omalla tyylillä. Turun sarjakuvakerhon antologiassa nähdään tänä vuonna punkkeilua &hellip; <span class="more-button"><a href="https://turunsarjakuvaseura.fi/wordpress/en/featured-content/punk/" class="more-link">Lue lisää<span class="screen-reader-text">Antologia 2022: PUNK!</span></a></span></p>
