{"id":156,"date":"2019-07-10T18:03:03","date_gmt":"2019-07-10T15:03:03","guid":{"rendered":"http:\/\/localhost\/sarjakuvakerho\/?page_id=156"},"modified":"2024-03-17T11:55:48","modified_gmt":"2024-03-17T09:55:48","slug":"kuka-on-tursake","status":"publish","type":"page","link":"https:\/\/turunsarjakuvaseura.fi\/wordpress\/tursake-arkisto\/kuka-on-tursake\/","title":{"rendered":"Kuka on Tursake?"},"content":{"rendered":"\n<p><strong>Tursake on Turun Sarjakuvaseuran vaihtelevasti p\u00e4ivittyv\u00e4  strippisarjakuva, jossa seikkailee Tursake-hahmo yst\u00e4vineen. Strippi\u00e4  piirt\u00e4v\u00e4t Sarjakuvaseuran harjoittelijat, mutta vierailevat piirt\u00e4j\u00e4t  ovat tervetulleita. Jos haluat osallistua, lukaise allaolevat  hahmokuvaukset, ja piirr\u00e4 strippi omaan tyyliisi! Toimita strippisi  Sarjakuvaseuralle joko paperisena tai s\u00e4hk\u00f6postitse. Julkaisemme  vierasstrippej\u00e4 Tursakkeen \u2019virallisen\u2019 aikalinjan lomassa aina tarpeen  mukaan.<\/strong><\/p>\n\n\n<div class=\"wp-block-image\">\n<figure class=\"alignleft size-large\"><img loading=\"lazy\" decoding=\"async\" width=\"257\" height=\"300\" src=\"https:\/\/turunsarjakuvaseura.fi\/wordpress\/wp-content\/uploads\/2019\/07\/tursakemaalaa-257x300.png\" alt=\"\" class=\"wp-image-118\"\/><\/figure><\/div>\n\n\n<p><strong>Tursake <\/strong>on ikuinen lapsi, joka k\u00e4ytt\u00e4\u00e4 v\u00e4lill\u00e4 \nhieman liikaa kahvia. H\u00e4n on ujo, mutta puhelias tutussa seurassa, \nhieman itse\u00e4\u00e4n v\u00e4h\u00e4ttelev\u00e4 mutta ehdoton taiteilijasielu. V\u00e4lill\u00e4 \nintoutuu retostelemaan kahvip\u00e4iss\u00e4\u00e4n.<\/p>\n\n\n\n<p>Tursakkeen paras kaveri on el\u00e4m\u00e4\u00e4ns\u00e4 kyll\u00e4stynyt, silmi\u00e4py\u00f6rittelev\u00e4 <strong>Kissa,<\/strong> joka asuu Vartiovuoren huipulla t\u00e4htitornissa. Kaveripiiriin kuuluu my\u00f6s aina iloinen ja flirttaileva <strong>Lisko <\/strong>sek\u00e4 kilpailuhenkinen <strong>Poro,<\/strong> joka on aina v\u00e4lill\u00e4 napit vastakkain Tursakkeen kanssa.<\/p>\n\n\n\n<p>Tursakkeen lempipaikka on Cosminen Kahvila, jossa on \u00e4\u00e4ret\u00f6n m\u00e4\u00e4r\u00e4 \nkahvimerkkej\u00e4. Kahvilassa on baarimikkona Tursaketta maanl\u00e4heisempi <strong>Kurki,<\/strong> joka usein ihmettelee lonkeroyst\u00e4v\u00e4ns\u00e4 outoja toilailuja, ja joutuu palauttamaan h\u00e4net maan pinnalle.<\/p>\n\n\n\n<p>Tursake asuu vanhan puutalon yl\u00e4kerrassa. Alakerrassa on p\u00f6rr\u00f6isen <strong>Karhun <\/strong>vet\u00e4m\u00e4 kauppa. Tursake ei koskaan saa tiet\u00e4\u00e4, mit\u00e4 Karhu oikeastaan myy kaupassaan.<\/p>\n\n\n\n<p>Vilkaise my\u00f6s <a href=\"http:\/\/localhost\/sarjakuvakerho\/tursake-arkisto\/\">strippiarkisto!<\/a><\/p>\n","protected":false},"excerpt":{"rendered":"<p>Tursake on Turun Sarjakuvaseuran vaihtelevasti p\u00e4ivittyv\u00e4 strippisarjakuva, jossa seikkailee Tursake-hahmo yst\u00e4vineen. Strippi\u00e4 piirt\u00e4v\u00e4t Sarjakuvaseuran harjoittelijat, mutta vierailevat piirt\u00e4j\u00e4t ovat tervetulleita. &hellip; <span class=\"more-button\"><a href=\"https:\/\/turunsarjakuvaseura.fi\/wordpress\/tursake-arkisto\/kuka-on-tursake\/\" class=\"more-link\">Lue lis\u00e4\u00e4<span class=\"screen-reader-text\">Kuka on Tursake?<\/span><\/a><\/span><\/p>\n","protected":false},"author":1,"featured_media":0,"parent":138,"menu_order":0,"comment_status":"closed","ping_status":"closed","template":"templates\/right-sidebar.php","meta":{"footnotes":""},"class_list":["post-156","page","type-page","status-publish","hentry"],"_links":{"self":[{"href":"https:\/\/turunsarjakuvaseura.fi\/wordpress\/wp-json\/wp\/v2\/pages\/156","targetHints":{"allow":["GET"]}}],"collection":[{"href":"https:\/\/turunsarjakuvaseura.fi\/wordpress\/wp-json\/wp\/v2\/pages"}],"about":[{"href":"https:\/\/turunsarjakuvaseura.fi\/wordpress\/wp-json\/wp\/v2\/types\/page"}],"author":[{"embeddable":true,"href":"https:\/\/turunsarjakuvaseura.fi\/wordpress\/wp-json\/wp\/v2\/users\/1"}],"replies":[{"embeddable":true,"href":"https:\/\/turunsarjakuvaseura.fi\/wordpress\/wp-json\/wp\/v2\/comments?post=156"}],"version-history":[{"count":7,"href":"https:\/\/turunsarjakuvaseura.fi\/wordpress\/wp-json\/wp\/v2\/pages\/156\/revisions"}],"predecessor-version":[{"id":565,"href":"https:\/\/turunsarjakuvaseura.fi\/wordpress\/wp-json\/wp\/v2\/pages\/156\/revisions\/565"}],"up":[{"embeddable":true,"href":"https:\/\/turunsarjakuvaseura.fi\/wordpress\/wp-json\/wp\/v2\/pages\/138"}],"wp:attachment":[{"href":"https:\/\/turunsarjakuvaseura.fi\/wordpress\/wp-json\/wp\/v2\/media?parent=156"}],"curies":[{"name":"wp","href":"https:\/\/api.w.org\/{rel}","templated":true}]}}